
Let t(f) = -4 + 162*f + 165*f - 328*f. Determine t(0).
-4
Let b(r) = 4*r + 2. Let i(m) = m + 22. Let a be i(6). Suppose a*l - 34*l - 12 = 0. What is b(l)?
-6
Let w(i) be the second derivative of -11*i**5/20 - i**4/6 + i**2/2 - 2*i + 2. Suppose -3*c = -t - 1, 2*c - 2*t + 1 = -5. Suppose u + c = 3*u. Determine w(u).
-12
Let v = -29 + 36. Suppose 5*n - v = -w, 4*n - w = 5 - 3. Let c(j) = -2*j**2 + j - 1. Calculate c(n).
-2
Suppose 3*s - 2*d = 11, 4*d + 17 = 3*s + 4. Let t(a) be the second derivative of -1/3*a**s - 5/2*a**2 + 0 + 5*a. What is t(-5)?
5
Let x(f) = f**3 + 5*f**2 - 8*f - 3. Suppose 28*p + 21 + 147 = 0. Determine x(p).
9
Let r(p) = -11*p**2 + 2*p - 1. Let d(q) = 13*q**2 - 2*q + 1. Let y(t) = 3*d(t) + 2*r(t). Calculate y(1).
16
Let d(m) = m - 1. Let g(s) = s - 4. Let j(k) = -7*d(k) + 3*g(k). Determine j(-6).
19
Let m(h) = -h**3 - 2*h**2 + 2*h + 1. Suppose 5*n + k - 63 = 0, -14 = -4*n - 4*k + 30. Let u = -16 + n. Give m(u).
4
Let f = 326 + -333. Let o(h) = -h**2 - 6*h + 6. What is o(f)?
-1
Let a = 123 + -115. Suppose 4*b - a = 5*p, -3*b - p + 4*p + 6 = 0. Let t(o) = o - 4. Let i(q) = q + 1. Let f(y) = -3*i(y) - t(y). What is f(b)?
-7
Let r = -5 + 2. Let j = 22 + -15. Let g(t) = -1 + j*t - 1 - 3*t - 7*t. Determine g(r).
7
Let w(k) = 10*k + 12*k**3 + 18 - 16 - 11*k**3 + 10*k**2. Give w(-9).
-7
Let d be (5 + -4)/((-1)/6). Let o(f) = -3 + 687*f - f**2 + 5 - 694*f + 5. What is o(d)?
13
Let o(c) = -c**3 - c - 1. Let d(w) = -5*w**3 + 6*w**2 + 4*w - 10. Let n(x) = -d(x) + 4*o(x). Determine n(7).
-1
Suppose 9*l = 5*l + 8. Let a(s) = -5*s**l + 47*s**3 + 7*s - 21*s**3 - 27*s**3 - 3. Determine a(-6).
-9
Suppose -533*m - 30 = -527*m. Let r(y) = -y**2 - 7*y - 7. Calculate r(m).
3
Suppose 2*w = -2*j - 21 + 13, 3*j - 12 = 5*w. Let n(a) be the second derivative of a**5/20 + a**4/4 + a**3/2 - a**2 + a. Calculate n(w).
-11
Suppose 28 - 27 = -g. Let z(x) = -1 + 9*x**3 - 4*x - 2*x**3 + 3*x - x**2. Calculate z(g).
-8
Let u(b) be the second derivative of b**5/20 - 13*b**4/12 - 5*b**3 + b**2 - 33*b + 2. Determine u(15).
2
Let r(z) = z**2 - 6*z - 46. Let y be r(10). Let c(s) = s**3 + 8*s**2 + 8*s. Calculate c(y).
24
Let j(n) = -9*n - 8. Let k be j(-7). Let c = 61 - k. Let l(r) = 1 - 1 - 2 + r. Determine l(c).
4
Suppose n - 2 = 1. Let t(v) = -2 + 2*v + 10705*v**2 + v**3 - 10708*v**2 + 0. Give t(n).
4
Let w(q) = -q**3 - 2*q + 6*q**2 + 9 - 2*q**2 - 4. Suppose 0 = -m + 3*m + 3*f + 32, -18 = 3*m - 3*f. Let t be ((-4)/m)/(2/20). What is w(t)?
-3
Suppose 2*p - 10 = -3*p. Let y(v) = 6*v**2 + 35 - 39 - p*v - v**2 - v**3. Suppose 2*r + 20 = 7*r. Calculate y(r).
4
Let p(w) = 2*w - 3. Let u(c) = -c + 4. Let v(s) = 2*p(s) + 3*u(s). Let g(l) = -l - 5. Let j(h) = 4*g(h) + 3*v(h). What is j(0)?
-2
Let j(d) = -d**3 + d**2. Let r(n) = -5*n**3 + 4*n**2 - 4*n + 1. Let i(y) = -6*j(y) + r(y). Suppose -7*z + 11 = -10. Calculate i(z).
-2
Let a(i) = 0 - i**3 - 8*i - 1 + 5*i**2 + 4*i. Let n be a(3). Let g(j) = -2*j - 2*j + 1 + n*j. Determine g(-6).
-5
Let f(x) = -7*x + 556*x**2 - 557*x**2 - 2 + 9*x. Let m be 22/5 - 4/10. What is f(m)?
-10
Let l(a) = 69*a - 1236. Let s be l(18). Let w(f) = f - 9. Determine w(s).
-3
Let w(a) = -4*a**3 + a**2 - 2*a + 1. Suppose -16 = -3*i - 5*f, 5*i + 0*i + f - 56 = 0. Let c = i + -11. Determine w(c).
-4
Let y(d) = -11*d**2 - 47*d - 8. Let k be y(-4). Let j(w) = -w**2 + 3*w + 1. Give j(k).
-3
Let c(d) = -d**2 - 4*d + 3. Suppose 5*a - 2 = 4*v, -6 = -a - 0*v - 2*v. Suppose -a*k - 4 = 4. Determine c(k).
3
Suppose 0 = x - 47*s + 50*s - 15, 3*s - 15 = -4*x. Let a(o) be the third derivative of 0*o + x + 0*o**3 + 13/24*o**4 - o**2. Determine a(1).
13
Suppose 0 = -15*j + 13*j + 4. Suppose 2*s + 3*s - j*h + 23 = 0, 2*s = 3*h - 18. Let a(p) = -6*p - 3. What is a(s)?
15
Let q(n) = 4 - n**2 + 328033*n - 1 - 328027*n. Suppose -i = -5*i + 12. Suppose i = c - 3. Give q(c).
3
Let d(y) be the second derivative of 3*y**2 - 1/12*y**4 + 0 + 5*y + 1/2*y**3. Calculate d(5).
-4
Let i(o) be the second derivative of -o**5/20 - o**4/6 - o**3/6 - 2*o**2 + 21*o - 3. Determine i(-3).
8
Let k(l) = -8*l - 2. Let y be 5/15*3 - 0. Let u be 3/y*(-26)/39. What is k(u)?
14
Let k(v) = -54*v + 537. Let l be k(10). Let j(n) = -7*n**2 - 21*n. Give j(l).
0
Let q(w) = 7*w. Let c(z) = 11*z. Let s = 3 - 8. Let m(d) = s*c(d) + 8*q(d). Determine m(-3).
-3
Suppose 4*p = 7*p + 18. Let h(v) = -v + 0*v + 7 + 3*v - v. What is h(p)?
1
Let d(b) = -b**3 - 7*b**2 + b + 3. Suppose 3427*p - 3429*p = 14. Calculate d(p).
-4
Let h(y) = -y + 1. Let u be (2/8)/(3/60). Suppose -m = -4*g + u + 29, 5*m + 4*g + 50 = 0. Let b = 14 + m. Calculate h(b).
1
Let n be 18/8*(-20 + (-924)/(-63)). Let h(o) = -o + 4. Calculate h(n).
16
Let q(k) = -6*k**3 - 3*k**2 - k + 2. Let d = -19 + 18. Let y(p) = -p**3 - p**2 - p + 1. Let t(f) = d*q(f) + 3*y(f). What is t(1)?
2
Let z(i) = -i**3 + 9*i**2 - 8*i - 1. Let b be z(8). Let k(o) = 8*o + 9. Let v(r) = 4*r + 5. Let l(x) = 4*k(x) - 7*v(x). Give l(b).
-3
Let m(v) = v**3 + 3*v**2 + 9. Let l be (-14)/(-14) - (-5)/(-1). Determine m(l).
-7
Let q(g) = g**3 - 5*g**2 + 3*g + 3. Let c be 2/(-6) - (-532)/228. Calculate q(c).
-3
Let q be (-2)/(-5) - (-66)/(-15). Let u(i) = -i**3 - 5*i**2 - 4*i - 5. Calculate u(q).
-5
Let h(x) = 0*x - 7*x + x - 3*x**2 + 2. Let f(n) = -7*n**2 - 13*n + 4. Let p(w) = -4*f(w) + 9*h(w). Let b be 2 - (1 - 1)*1. Determine p(b).
2
Let i be -3 + 2/2 - 3. Let t = i - -11. Let p(b) = b**3 - 7*b**2 + 5*b + 13. Let s be p(t). Let f(q) = q - 12. Give f(s).
-5
Let n(f) = 4*f - 6. Let k(p) = 11*p - 18. Let y(m) = 3*k(m) - 8*n(m). Give y(3).
-3
Let b(u) = -2*u**2 + 4*u - 3. Let y be (-176)/77 + 4/14. Let s be y*(-3 - 5/(10/(-4))). Determine b(s).
-3
Suppose -8 = -2*a - 4*c, a + 4 = 2*c - 0*c. Suppose g - 2*g + 2 = 0. Suppose -g*i - 1 - 1 = a. Let p(o) = 11*o**2 + o + 1. Calculate p(i).
11
Let m(o) = o + 1. Let a(k) = 15*k**2 - 9*k - 10. Let p(q) = a(q) + 5*m(q). Let c(n) = 14*n**2 - 3*n - 4. Let u(j) = -5*c(j) + 4*p(j). Determine u(1).
-11
Let f(y) = y**2 + 6*y + 7. Let u(w) = w**3 + 25*w**2 - 24*w + 47. Let p be u(-26). What is f(p)?
2
Let m(x) = 23*x**3 + 0*x**3 - 22*x**3 + 6*x**2 + 6 - 14*x. Determine m(-8).
-10
Suppose -4*j + 2 - 6 = 0, y = -4*j - 10. Let o(b) = 3*b**2 - 14*b + 4. Let t(x) = 101 - 204 + 7*x + 101 - 2*x**2. Let g(q) = 3*o(q) + 5*t(q). Calculate g(y).
8
Suppose 4*a + 4*i = -16, 2*a - 2*i = i - 18. Let o(p) = -2*p - 2. Calculate o(a).
10
Let c(k) = -k**2 + 2 + 4 - 5 - 3*k**3. Suppose d = -5*b - 8, 8*d - 3*d = 3*b - 12. Calculate c(b).
3
Let l(q) be the first derivative of -5*q**2/2 + 6*q + 42. Let t = 76 - 71. What is l(t)?
-19
Suppose j - 7 = -2*u, -3*u - 2*j + 11 = -1. Suppose u*x + 0 = -4*v + 2, -2*v = -x - 11. Let w(r) = -3*r - 7. Determine w(x).
8
Let z(a) = -a + 1. Let h(m) be the first derivative of -m**4/4 + m**3 + 3*m**2 - 8*m - 14. Let c be h(4). Give z(c).
1
Let n(b) be the third derivative of -5*b**4/24 - b**3/2 - 31*b**2 + 3. Give n(6).
-33
Let k(i) = -9*i - 36. Let t(d) = d + 4. Let b(m) = k(m) + 8*t(m). Calculate b(-4).
0
Let t(f) = 13*f + 9. Let s(u) = 4*u + 3. Let p(y) = -8*s(y) + 3*t(y). Determine p(4).
31
Let g(z) = z**3 - 4*z**2 + 4*z. Let p be g(3). Suppose q - 1 = -3*u, p + 11 = -5*q + 4*u. Let a(m) = m**2 + m + 1. What is a(q)?
3
Let j(s) = s**2 - 2*s - 14. Let p be j(5). Let q(z) = -p + 28*z - 26*z + 2. What is q(-3)?
-5
Let v(u) = 2*u**3 - 2*u**2 + 2*u + 1. Suppose 0 = 15*o - 17*o + 18. Suppose -o - 7 = -8*z. What is v(z)?
13
Let c(m) = -117*m - 23. Let y(n) = -32*n - 6. Let p(a) = -6*c(a) + 22*y(a). Determine p(6).
-6
Let r(v) = v**2 - 4*v - 1 + 5*v - 2*v. Suppose 641 = -5*h - 34. Let s = h + 138. Calculate r(s).
5
Suppose -n - 20 = 4*x, -13 = 11*n - 9*n - x. Let k(r) = r**2 - 2. Give k(n).
62
Let l(t) = 12 + t**2 + 13 + 4*t - 21. What is l(-4)?
4
Let b(i) be the first derivative of -i + 22. Let l(k) = -7*k + 11. Let p(g) = 5*b(g) + l(g). Calculate p(4).
-22
Let h(u) = -3*u. Let a(d) be the third derivative of -d**4/24 - d**3/6 + 43*d**2. Let o be ((-1)/2)/((-3)/(-30)). Let y(n) = o*a(n) + h(n). Give y(-6).
-7
Let v = 108 - 103. Let j(g) = -1 + 5 + 6*g - 2*g - v*g. Give j(6).
-2
Let j(l) = -14 - 4*l**3 + 2*l + 7*l**2 + 3*l**3 - 16*l**2 + 16*l**2. What is j(7)?
0
Let h = 21 + -2. Suppose -21*w + h*w = 4. Let r(n) = 2*n + 1. Give r(w).
-